e prime factors of p(-86)?
2, 2039
Let y(t) = -t**3 - 88*t**2 - 425*t + 400. What are the prime factors of y(-90)?
2, 5, 1097
Let a(o) = 5*o**2 + 2*o - 3. Let q be a(2). Let d = q - 19. Suppose 13 = 4*f - 3, -3*f - 280 = -d*i. What are the prime factors of i?
2, 73
Suppose 600 = -1065*f + 1068*f. List the prime factors of f.
2, 5
Let v = -12367 + 18671. What are the prime factors of v?
2, 197
Let g be (-12)/4 - (0 + -1 + 4716). List the prime factors of 1/((-18)/6 + g/(-1572)).
2, 3, 131
Suppose 20 = 2*o + 2*x, -5*o - 6*x + 42 = -3*x. What are the prime factors of (204/18)/(o/27)?
3, 17
Let x = 921 + -508. Let b = -20 + x. What are the prime factors of b?
3, 131
Let q(k) = -157*k + 1459. List the prime factors of q(-46).
8681
Suppose 18 = 2*x + x. Suppose x + 0 = q. Suppose q*s - 448 = -2*s. What are the prime factors of s?
2, 7
Let y(t) = 13*t**2 + 8. Suppose 0 = n - 5 + 2. Suppose 24 = -n*a - 3*a. What are the prime factors of y(a)?
2, 3
Let n(x) = 22*x**3 - x**2 - x + 5. Let h be n(-4). Let z be h/(-30) - (-1)/(-6). What are the prime factors of z - (0 + 1)*-3?
2, 5
Suppose 47*m - 291816 = 481146. What are the prime factors of m?
2, 3, 2741
Let j = -1334 + 16877. List the prime factors of j.
3, 11, 157
Suppose 13*c + 3*c - 102064 = 0. Suppose -8*z + 1749 = -c. List the prime factors of z.
2, 127
Let i = -225 - 697. Let s be 2*1*i/(-4). Suppose 6*b - s = 355. List the prime factors of b.
2, 17
Let c(t) = 2*t + 60*t**2 - 20*t - 7 + 13*t. List the prime factors of c(4).
3, 311
Suppose 5*q + 0*q - 3152 = -3*k, 3*q = 3*k - 3168. List the prime factors of k.
2, 17, 31
Let n(m) = 15*m**2 - 15*m + 2652. List the prime factors of n(52).
2, 3, 13, 17
Let n = 79 - 69. Let g be (1/1)/(n/710). Suppose 2*i - g - 39 = 0. List the prime factors of i.
5, 11
Let o(s) = -234*s - 1354. List the prime factors of o(-36).
2, 5, 7, 101
Let m = 132 - 127. Suppose -m*o + 2986 = 416. What are the prime factors of o?
2, 257
Suppose -18*j + 121*j = 20*j + 901048. What are the prime factors of j?
2, 23, 59
Suppose 94*x = 354293 + 155563. What are the prime factors of x?
2, 3, 113
Suppose -48*g + 32*g = 131*g - 167874. What are the prime factors of g?
2, 571
Suppose 215*k = 219*k - 12. What are the prime factors of 392/168 - (-3155)/k?
2, 17, 31
Let v be 1/(-4) - (63/(-12) + 3). List the prime factors of (-7 + 1055 - 9) + 12/v.
5, 11, 19
Let r(a) = -58*a - 2. Suppose 9*i - 65 + 20 = 0. Suppose n = 5, -i*l - 6*n + 10 = -3*n. List the prime factors of r(l).
2, 7
Suppose 0 = 3*k - 3*s + 327, 2*k - k - 4*s = -121. Let g = k + 139. Suppose -c - 5 = -g. List the prime factors of c.
29
Let s = 27 - -5215. List the prime factors of s.
2, 2621
Let j be (3 - (-6)/(-2))/(-4 - -2). Suppose 5*i = q - j*q - 494, i = -2. Suppose 4*l - 40 = q. What are the prime factors of l?
131
Suppose -4*c + 28 - 4 = 0. Suppose t - 2 = c. List the prime factors of -2 + (-4)/(t/(-46)).
3, 7
Let q = -2782 + 7323. List the prime factors of q.
19, 239
Let w be 91273/26 - (-4)/(-8). Suppose -12828 = -14*u + w. What are the prime factors of u?
3, 389
Suppose 169 = h + 2*h - 2*o, -3*o = -3*h + 171. Let m be h/10 + 5/10. List the prime factors of (-70)/(4*(-3)/m).
5, 7
Let v(i) = -205*i + 29. Let l be v(4). Let p = l + 1164. What are the prime factors of p?
373
Suppose -49*s + 2350668 = 129*s. List the prime factors of s.
2, 3, 31, 71
Let s(d) = 22*d**2 - 707*d - 585. What are the prime factors of s(53)?
2, 3, 1319
Let l(k) = -k**2 - 20*k + 265. Let u be l(-32). List the prime factors of 1684 + -2 + u/(-17).
3, 563
Let y = -45826 + 68863. List the prime factors of y.
3, 7, 1097
Let v = -169 + 173. Suppose 3*u - 359 = -a, -v*a + 1684 = -5*u + 299. List the prime factors of a.
2, 5, 7
Let s = -34656 + 65606. What are the prime factors of s?
2, 5, 619
Suppose u + 45 = -3*a, -4*a + 3*a - 70 = 2*u. Let x = u + 37. Let q(f) = f**3 - 2*f**2 - 2*f - 2. List the prime factors of q(x).
2, 11
Let v be (6 - 7)*(-627 - 3). Suppose v + 57 = 3*s. Suppose -5*n + s = -161. What are the prime factors of n?
2, 3, 13
What are the prime factors of (3/(45/(-10)))/(8/(-36)) + 2497?
2, 5
Let i(g) be the first derivative of -6*g**2 - 301*g - 63. List the prime factors of i(-36).
131
Let h = 59 + -59. Suppose 3*j = -3*x - h*x + 12, -4 = 3*j - 5*x. Suppose 12 = j*d - 26. What are the prime factors of d?
19
Let i = -14 - -16. Let q(r) = -r**2 - 110 + 4*r**2 + 119 + r - i*r**3. What are the prime factors of q(-3)?
3, 29
Let x(w) = 2*w**2 - 17. Let g(b) = 2*b - 11. Let o be g(13). Suppose o*h = 13*h - 16. List the prime factors of x(h).
3, 37
Suppose 4*l - 5*j - 53663 = 0, 4*j + 48123 = 5*l - 18958. What are the prime factors of l?
13417
Suppose -29809 = -2*c - 3*x, -3*c - 3*x = -30559 - 14156. List the prime factors of c.
2, 29, 257
Suppose -p + 13 = 5. What are the prime factors of (5/10)/(p/7888)?
17, 29
Suppose 116*c - 2029906 + 228194 = 0. What are the prime factors of c?
2, 11, 353
Let i = 517 - -2790. List the prime factors of i.
3307
Let z(c) = -6*c - 6. Let v be z(-2). Let w(a) = 4*a + 11. Let m be w(v). Suppose -4*j - m = -3*f + j, 3*f + 4*j - 26 = 0. What are the prime factors of f?
2, 5
Suppose z - 2*p + 28 = 2*p, -48 = 5*z + 3*p. List the prime factors of (15/20)/(z/(-11632)).
727
Suppose 3*q - 27440 = -4*z, -3*z - 5*q = -11032 - 9537. List the prime factors of z.
6863
Suppose -3*r - 2*r = -28350. Suppose -6*k = -3*k - r. What are the prime factors of (1/(-3))/((-10)/k)?
3, 7
Suppose -5792 = -q - 4*s, 10*s + 5804 = q + 8*s. What are the prime factors of q?
2, 5, 29
Let p be (-4 + 4 + -5)*-30. Suppose 457 = 3*m + 5*v, m + p = 2*m + 4*v. Suppose 5*r - 5*l - m - 116 = 0, l = -2. List the prime factors of r.
2, 13
Let v be (5960/30 + -2)*3. Let o(m) = m + 40. Let t be o(0). What are the prime factors of ((48/t)/(-1))/((-3)/v)?
2, 59
Let u(c) = -c**3 - 7*c**2 + 2*c**3 - 49*c + c**3 + 10 + 50*c. Let d be u(5). List the prime factors of 9070/d - (-2 - 32/(-18)).
101
Suppose -z = 0, -3*b - 2*z = -b - 4. Suppose 5*i - b*i = 9. Suppose 0 = i*h - 27 - 12. List the prime factors of h.
13
Suppose z = -2*z + 2*h + 185, 0 = -4*z + 4*h + 240. Let x = z - 60. Suppose -67 = -x*r + 48. What are the prime factors of r?
23
List the prime factors of ((8/(-1))/(86/(-1683364)))/2.
2, 9787
Let s = 34602 - 26156. List the prime factors of s.
2, 41, 103
Suppose -4*o + 28898 = -41*l + 43*l, 3*l = -2*o + 14439. List the prime factors of o.
3, 11, 73
Let r(d) = -d**3 + 11*d**2 + d - 8. Let o be r(11). Suppose -p + o*p - 90 = 0. Suppose -5*m = 3*a - p, -m - m = -5*a + 44. List the prime factors of a.
2, 5
Let n(f) = -196*f - 4862. What are the prime factors of n(-124)?
2, 9721
Suppose c - 5*j + 8 = 0, 2*j = -3*c - 3*j + 16. Let q be 64/(-24)*(26/(-4) + c). What are the prime factors of ((-4)/q)/((-2)/186)?
31
Let t(f) = -2*f**3 + 3*f**3 + 8*f - 5 - 1280*f**2 + 1287*f**2. List the prime factors of t(7).
11, 67
Let r = 5970 + 4174. List the prime factors of r.
2, 317
Let j = -11182 - -30317. Suppose -28*m + 7689 + j = 0. List the prime factors of m.
2, 479
Suppose 130 = 2*d + 4*w, -7*d + 3*w = -9*d + 125. Let o = d + -41. Suppose 0 = 2*b - o + 4. What are the prime factors of b?
5
Suppose 16*s + 26 = 74. Suppose 3*i - 625 = s*m - 1678, -4*m = -2*i - 1412. What are the prime factors of m?
5, 71
Suppose 5*a - 32 = 3*c + 38, 10 = 5*a. Let d be ((-24)/c)/(4/(-10)) - -858. Suppose 2*y + 2*y = 4*s - 680, 4*y = 5*s - d. What are the prime factors of s?
5, 7
Let v be 6 + (-16)/56 + 4/14. Let o be (-7)/((-105)/(-594)) - v/15. Let g = -18 - o. What are the prime factors of g?
2, 11
Let h(g) = -4566*g**3 + 7*g**2 - 8*g - 7. List the prime factors of h(-1).
2, 2287
Let g(b) = -7*b**3 + 5*b**2 + b + 41. Let u be g(-8). Suppose 15*t - 2633 = u. List the prime factors of t.
2, 3, 73
Let p be (1*8)/(2/(-4)*-1). Let o be (-796)/p - ((-39)/(-12) - 3). Let n = o + 52. What are the prime factors of n?
2
Let o(c) = -6 - 21*c**2 + 17*c**2 + 44*c**2 + 8 + 3*c. List the prime factors of o(2).
2, 3, 7
Suppose 6*f - 30 = -0*f. Suppose -f*u - 827 + 2312 = 0. What are the prime factors of u?
3, 11
Let d = 825 - -127. Suppose 7*c - 4137 = -d. List the prime factors of c.
5, 7, 13
List the prime factors of 5440 - (13/((-2)/(-2)) - (-115 - -122)).
2, 11, 13, 19
Let t(x) = 181*x + 32